{"id":88515,"date":"2021-08-31T10:36:39","date_gmt":"2021-08-31T09:36:39","guid":{"rendered":"https:\/\/camping-elpailles-pyrenees.fr\/locations-emplacements\/"},"modified":"2023-03-30T16:07:36","modified_gmt":"2023-03-30T15:07:36","slug":"locations-emplacements","status":"publish","type":"page","link":"https:\/\/camping-elpailles-pyrenees.fr\/es\/locations-emplacements\/","title":{"rendered":"Locations \/ Emplacements"},"content":{"rendered":"","protected":false},"excerpt":{"rendered":"","protected":false},"author":1,"featured_media":0,"parent":0,"menu_order":0,"comment_status":"closed","ping_status":"closed","template":"","meta":{"_acf_changed":false,"_et_pb_use_builder":"","_et_pb_old_content":"","_et_gb_content_width":"","footnotes":""},"class_list":["post-88515","page","type-page","status-publish","hentry"],"acf":[],"yoast_head":"<!-- This site is optimized with the Yoast SEO plugin v27.5 - https:\/\/yoast.com\/product\/yoast-seo-wordpress\/ -->\n<title>Locations Chalets, Tentes, Emplacements - Camping El Paill\u00e8s<\/title>\n<meta name=\"description\" content=\"Locations de Chalets en bois, Tentes et Emplacements dans les Pyr\u00e9n\u00e9es-Orientales : Retrouvez notre offre de locations tout au long de l&#039;ann\u00e9e.\" \/>\n<meta name=\"robots\" content=\"index, follow, max-snippet:-1, max-image-preview:large, max-video-preview:-1\" \/>\n<link rel=\"canonical\" href=\"https:\/\/camping-elpailles-pyrenees.fr\/es\/locations-emplacements\/\" \/>\n<meta property=\"og:locale\" content=\"es_ES\" \/>\n<meta property=\"og:type\" content=\"article\" \/>\n<meta property=\"og:title\" content=\"Locations Chalets, Tentes, Emplacements - Camping El Paill\u00e8s\" \/>\n<meta property=\"og:description\" content=\"Locations de Chalets en bois, Tentes et Emplacements dans les Pyr\u00e9n\u00e9es-Orientales : Retrouvez notre offre de locations tout au long de l&#039;ann\u00e9e.\" \/>\n<meta property=\"og:url\" content=\"https:\/\/camping-elpailles-pyrenees.fr\/es\/locations-emplacements\/\" \/>\n<meta property=\"og:site_name\" content=\"Camping El Paill\u00e8s\" \/>\n<meta property=\"article:modified_time\" content=\"2023-03-30T15:07:36+00:00\" \/>\n<meta name=\"twitter:card\" content=\"summary_large_image\" \/>\n<script type=\"application\/ld+json\" class=\"yoast-schema-graph\">{\"@context\":\"https:\\\/\\\/schema.org\",\"@graph\":[{\"@type\":\"WebPage\",\"@id\":\"https:\\\/\\\/camping-elpailles-pyrenees.fr\\\/es\\\/locations-emplacements\\\/\",\"url\":\"https:\\\/\\\/camping-elpailles-pyrenees.fr\\\/es\\\/locations-emplacements\\\/\",\"name\":\"Locations Chalets, Tentes, Emplacements - Camping El Paill\u00e8s\",\"isPartOf\":{\"@id\":\"https:\\\/\\\/camping-elpailles-pyrenees.fr\\\/es\\\/#website\"},\"datePublished\":\"2021-08-31T09:36:39+00:00\",\"dateModified\":\"2023-03-30T15:07:36+00:00\",\"description\":\"Locations de Chalets en bois, Tentes et Emplacements dans les Pyr\u00e9n\u00e9es-Orientales : Retrouvez notre offre de locations tout au long de l'ann\u00e9e.\",\"breadcrumb\":{\"@id\":\"https:\\\/\\\/camping-elpailles-pyrenees.fr\\\/es\\\/locations-emplacements\\\/#breadcrumb\"},\"inLanguage\":\"es\",\"potentialAction\":[{\"@type\":\"ReadAction\",\"target\":[\"https:\\\/\\\/camping-elpailles-pyrenees.fr\\\/es\\\/locations-emplacements\\\/\"]}]},{\"@type\":\"BreadcrumbList\",\"@id\":\"https:\\\/\\\/camping-elpailles-pyrenees.fr\\\/es\\\/locations-emplacements\\\/#breadcrumb\",\"itemListElement\":[{\"@type\":\"ListItem\",\"position\":1,\"name\":\"Accueil\",\"item\":\"https:\\\/\\\/camping-elpailles-pyrenees.fr\\\/es\\\/\"},{\"@type\":\"ListItem\",\"position\":2,\"name\":\"Locations \\\/ Emplacements\"}]},{\"@type\":\"WebSite\",\"@id\":\"https:\\\/\\\/camping-elpailles-pyrenees.fr\\\/es\\\/#website\",\"url\":\"https:\\\/\\\/camping-elpailles-pyrenees.fr\\\/es\\\/\",\"name\":\"Camping El Paill\u00e8s\",\"description\":\"R\u00e9sidence de chalets de camping\",\"potentialAction\":[{\"@type\":\"SearchAction\",\"target\":{\"@type\":\"EntryPoint\",\"urlTemplate\":\"https:\\\/\\\/camping-elpailles-pyrenees.fr\\\/es\\\/?s={search_term_string}\"},\"query-input\":{\"@type\":\"PropertyValueSpecification\",\"valueRequired\":true,\"valueName\":\"search_term_string\"}}],\"inLanguage\":\"es\"}]}<\/script>\n<!-- \/ Yoast SEO plugin. -->","yoast_head_json":{"title":"Locations Chalets, Tentes, Emplacements - Camping El Paill\u00e8s","description":"Locations de Chalets en bois, Tentes et Emplacements dans les Pyr\u00e9n\u00e9es-Orientales : Retrouvez notre offre de locations tout au long de l'ann\u00e9e.","robots":{"index":"index","follow":"follow","max-snippet":"max-snippet:-1","max-image-preview":"max-image-preview:large","max-video-preview":"max-video-preview:-1"},"canonical":"https:\/\/camping-elpailles-pyrenees.fr\/es\/locations-emplacements\/","og_locale":"es_ES","og_type":"article","og_title":"Locations Chalets, Tentes, Emplacements - Camping El Paill\u00e8s","og_description":"Locations de Chalets en bois, Tentes et Emplacements dans les Pyr\u00e9n\u00e9es-Orientales : Retrouvez notre offre de locations tout au long de l'ann\u00e9e.","og_url":"https:\/\/camping-elpailles-pyrenees.fr\/es\/locations-emplacements\/","og_site_name":"Camping El Paill\u00e8s","article_modified_time":"2023-03-30T15:07:36+00:00","twitter_card":"summary_large_image","schema":{"@context":"https:\/\/schema.org","@graph":[{"@type":"WebPage","@id":"https:\/\/camping-elpailles-pyrenees.fr\/es\/locations-emplacements\/","url":"https:\/\/camping-elpailles-pyrenees.fr\/es\/locations-emplacements\/","name":"Locations Chalets, Tentes, Emplacements - Camping El Paill\u00e8s","isPartOf":{"@id":"https:\/\/camping-elpailles-pyrenees.fr\/es\/#website"},"datePublished":"2021-08-31T09:36:39+00:00","dateModified":"2023-03-30T15:07:36+00:00","description":"Locations de Chalets en bois, Tentes et Emplacements dans les Pyr\u00e9n\u00e9es-Orientales : Retrouvez notre offre de locations tout au long de l'ann\u00e9e.","breadcrumb":{"@id":"https:\/\/camping-elpailles-pyrenees.fr\/es\/locations-emplacements\/#breadcrumb"},"inLanguage":"es","potentialAction":[{"@type":"ReadAction","target":["https:\/\/camping-elpailles-pyrenees.fr\/es\/locations-emplacements\/"]}]},{"@type":"BreadcrumbList","@id":"https:\/\/camping-elpailles-pyrenees.fr\/es\/locations-emplacements\/#breadcrumb","itemListElement":[{"@type":"ListItem","position":1,"name":"Accueil","item":"https:\/\/camping-elpailles-pyrenees.fr\/es\/"},{"@type":"ListItem","position":2,"name":"Locations \/ Emplacements"}]},{"@type":"WebSite","@id":"https:\/\/camping-elpailles-pyrenees.fr\/es\/#website","url":"https:\/\/camping-elpailles-pyrenees.fr\/es\/","name":"Camping El Paill\u00e8s","description":"R\u00e9sidence de chalets de camping","potentialAction":[{"@type":"SearchAction","target":{"@type":"EntryPoint","urlTemplate":"https:\/\/camping-elpailles-pyrenees.fr\/es\/?s={search_term_string}"},"query-input":{"@type":"PropertyValueSpecification","valueRequired":true,"valueName":"search_term_string"}}],"inLanguage":"es"}]}},"_links":{"self":[{"href":"https:\/\/camping-elpailles-pyrenees.fr\/es\/wp-json\/wp\/v2\/pages\/88515","targetHints":{"allow":["GET"]}}],"collection":[{"href":"https:\/\/camping-elpailles-pyrenees.fr\/es\/wp-json\/wp\/v2\/pages"}],"about":[{"href":"https:\/\/camping-elpailles-pyrenees.fr\/es\/wp-json\/wp\/v2\/types\/page"}],"author":[{"embeddable":true,"href":"https:\/\/camping-elpailles-pyrenees.fr\/es\/wp-json\/wp\/v2\/users\/1"}],"replies":[{"embeddable":true,"href":"https:\/\/camping-elpailles-pyrenees.fr\/es\/wp-json\/wp\/v2\/comments?post=88515"}],"version-history":[{"count":1,"href":"https:\/\/camping-elpailles-pyrenees.fr\/es\/wp-json\/wp\/v2\/pages\/88515\/revisions"}],"predecessor-version":[{"id":88516,"href":"https:\/\/camping-elpailles-pyrenees.fr\/es\/wp-json\/wp\/v2\/pages\/88515\/revisions\/88516"}],"wp:attachment":[{"href":"https:\/\/camping-elpailles-pyrenees.fr\/es\/wp-json\/wp\/v2\/media?parent=88515"}],"curies":[{"name":"wp","href":"https:\/\/api.w.org\/{rel}","templated":true}]}}

<!-- This site is optimized with the Yoast SEO plugin v27.5 - https://yoast.com/product/yoast-seo-wordpress/ -->
<title>Locations Chalets, Tentes, Emplacements - Camping El Paillès</title>
<meta name="description" content="Locations de Chalets en bois, Tentes et Emplacements dans les Pyrénées-Orientales : Retrouvez notre offre de locations tout au long de l&#039;année." />
<meta name="robots" content="index, follow, max-snippet:-1, max-image-preview:large, max-video-preview:-1" />
<link rel="canonical" href="https://camping-elpailles-pyrenees.fr/es/locations-emplacements/" />
<meta property="og:locale" content="es_ES" />
<meta property="og:type" content="article" />
<meta property="og:title" content="Locations Chalets, Tentes, Emplacements - Camping El Paillès" />
<meta property="og:description" content="Locations de Chalets en bois, Tentes et Emplacements dans les Pyrénées-Orientales : Retrouvez notre offre de locations tout au long de l&#039;année." />
<meta property="og:url" content="https://camping-elpailles-pyrenees.fr/es/locations-emplacements/" />
<meta property="og:site_name" content="Camping El Paillès" />
<meta property="article:modified_time" content="2023-03-30T15:07:36+00:00" />
<meta name="twitter:card" content="summary_large_image" />
<script type="application/ld+json" class="yoast-schema-graph">{"@context":"https:\/\/schema.org","@graph":[{"@type":"WebPage","@id":"https:\/\/camping-elpailles-pyrenees.fr\/es\/locations-emplacements\/","url":"https:\/\/camping-elpailles-pyrenees.fr\/es\/locations-emplacements\/","name":"Locations Chalets, Tentes, Emplacements - Camping El Paillès","isPartOf":{"@id":"https:\/\/camping-elpailles-pyrenees.fr\/es\/#website"},"datePublished":"2021-08-31T09:36:39+00:00","dateModified":"2023-03-30T15:07:36+00:00","description":"Locations de Chalets en bois, Tentes et Emplacements dans les Pyrénées-Orientales : Retrouvez notre offre de locations tout au long de l'année.","breadcrumb":{"@id":"https:\/\/camping-elpailles-pyrenees.fr\/es\/locations-emplacements\/#breadcrumb"},"inLanguage":"es","potentialAction":[{"@type":"ReadAction","target":["https:\/\/camping-elpailles-pyrenees.fr\/es\/locations-emplacements\/"]}]},{"@type":"BreadcrumbList","@id":"https:\/\/camping-elpailles-pyrenees.fr\/es\/locations-emplacements\/#breadcrumb","itemListElement":[{"@type":"ListItem","position":1,"name":"Accueil","item":"https:\/\/camping-elpailles-pyrenees.fr\/es\/"},{"@type":"ListItem","position":2,"name":"Locations \/ Emplacements"}]},{"@type":"WebSite","@id":"https:\/\/camping-elpailles-pyrenees.fr\/es\/#website","url":"https:\/\/camping-elpailles-pyrenees.fr\/es\/","name":"Camping El Paillès","description":"Résidence de chalets de camping","potentialAction":[{"@type":"SearchAction","target":{"@type":"EntryPoint","urlTemplate":"https:\/\/camping-elpailles-pyrenees.fr\/es\/?s={search_term_string}"},"query-input":{"@type":"PropertyValueSpecification","valueRequired":true,"valueName":"search_term_string"}}],"inLanguage":"es"}]}</script>
<!-- / Yoast SEO plugin. -->

Locations Chalets, Tentes, Emplacements - Camping El Paillès

Locations de Chalets en bois, Tentes et Emplacements dans les Pyrénées-Orientales : Retrouvez notre offre de locations tout au long de l'année.

Camping El Paillès

Résidence de chalets de camping
